r when x is divided by p?
5
Let h(z) = 15*z - 145. Let f be h(24). Suppose 2*d + 2*n - n = 420, 3*n = -d + f. Calculate the remainder when d is divided by 6.
5
Suppose h + 12 - 87 = 0. Suppose 14*z + h = 733. Calculate the remainder when z is divided by 2.
1
Suppose 0 = -2*q - 2*r - 1 + 3, 0 = 5*q - 5*r + 5. Suppose q = -4*g + 3*h + 487, h + 1 + 0 = 0. Calculate the remainder when g is divided by 32.
25
Let x(o) = -28*o**2 - 83*o - 66. Let w be x(-28). Calculate the remainder when 101 is divided by 1/9 + w/(-387).
50
Let b(m) = 2*m**2 - 20*m + 9. Suppose 14 = o - 0. What is the remainder when b(14) is divided by o?
9
Let c = 17354 + -16958. Calculate the remainder when c is divided by 26.
6
Suppose 7*r - 6*r = 4. Let d = -92 - -149. What is the remainder when d is divided by 34 - (r + -4 + 3)?
26
Let c = 425 + -214. Suppose 0*r = 5*r - 25, 0 = -4*x - 3*r + c. Suppose -k = -0*k + 4*a - x, 0 = 2*k + a - 63. What is the remainder when 141 is divided by k?
25
Suppose -13 = -w + 3*r, -4*w + 8*r = 6*r - 22. Suppose -w*m - 4*m + 360 = 0. Let b = -28 + m. What is the remainder when b is divided by 3?
2
Let t = 10 + -8. Suppose 5*u = -2*y + 21, 2*u + t*y - 12 = -0*u. Suppose v - 49 = -5*f - 1, -u*f + 5*v = -12. What is the remainder when 150 is divided by f?
6
Let k = 11 - 929. Let a be 5/(-25) + -2 + k/(-15). Suppose 0 = -m + 71 - a. What is the remainder when 22 is divided by m?
10
Suppose 178 = 3*u - 248. Calculate the remainder when u is divided by (1 + -4 + 6)/((-4)/(-24)).
16
Suppose -k - 68 = -2*n, -99 - 8 = -3*n + 4*k. Let m(c) = 65 + c**2 + 0*c**2 + 23*c - 18*c + 17*c - 2*c**2. What is the remainder when m(22) is divided by n?
32
Let f be 3/((2/(-2))/((-2)/3)). Let i(o) = 4*o - 11. Let q be i(f). Let s(k) = 6*k**2 - 3*k + 4. Calculate the remainder when s(q) is divided by 14.
11
Let p be (-4)/((-28)/(-49)) - -520. Suppose 525*n - p*n = 1716. Calculate the remainder when n is divided by 30.
23
Suppose -25*c + 27*c + 2*o - 10778 = 0, 3*o = -4*c + 21548. Calculate the remainder when c is divided by 117.
116
Suppose 138711 + 147881 = 64*h. What is the remainder when h is divided by 140?
138
Suppose -3*v - 6*k = -k - 17, 5*k = -5*v + 25. Suppose -v*j - j + 145 = 0. Let r = 1 + j. What is the remainder when 58 is divided by r?
28
Let o(c) = c**2 - 10*c + 16. Let m be o(8). Suppose m = y + 18 - 22. Let x(z) = 14*z**2 - 4*z. What is the remainder when x(y) is divided by 14?
12
Let q = -95 - -96. Calculate the remainder when 69 is divided by (4 + q)/(1 + 0).
4
Let q(d) = -602*d - 3781. Calculate the remainder when q(-7) is divided by 131.
40
Calculate the remainder when (1/(1/(-2)))/((-1658)/288492) is divided by 63.
33
Let s(h) = 2*h**2 - 14*h + 132. Let i be s(-21). Suppose -i = -57*d + 45*d. Calculate the remainder when d is divided by 25.
9
Let d = 244366 - 244250. Let o(l) = -l**3 + 5*l**2 + 8*l + 1. What is the remainder when d is divided by o(6)?
12
Suppose 5*q = 2*x - 134 - 139, 0 = 3*x - 3*q - 378. What is the remainder when 1189 is divided by x?
118
Calculate the remainder when 141 is divided by -21*8*13/(-39).
29
Let c be 6/8 - 0 - (-55278)/888. Suppose -c + 17 = -h. What is the remainder when 93 is divided by h?
1
Let q(n) = n**3 - 8*n**2 - 9*n - 11. Let p be q(-5). Let x = 387 + p. Calculate the remainder when x is divided by 10.
6
Let q(w) = -11*w**2 + 13*w - 31. Let c(x) = 5*x**2 - 6*x + 15. Let f(s) = 13*c(s) + 6*q(s). What is the remainder when 39/(-26) + 1/2*65 is divided by f(0)?
4
Let n(d) = d**2 + 9*d + 11. What is the remainder when 0 - 6 - (-22 - -2) is divided by n(-8)?
2
Let r = -273 + 273. Suppose r = -3*g - p + 66, 92*g + 4*p = 90*g + 44. Calculate the remainder when 85 is divided by g.
19
Let d(n) = -2*n**3 + 9*n**2 - 5*n + 7. Let p be d(4). Let b(s) = 15*s + 6. Calculate the remainder when 152 is divided by b(p).
50
What is the remainder when 935 is divided by 56 - (-2 - 3*(4 + -6))?
51
Let j be (-5)/(-10)*-2 + 6. Suppose j*o - 12 = -4*z + 35, -o = 4*z - 51. What is the remainder when 28 is divided by z?
2
Suppose -52*o + 54*o - 28 = 0. Suppose 6 = o*k - 8. Suppose 7*x - k = 97. Calculate the remainder when 81 is divided by x.
11
Let v(y) = y**3 - 6*y**2 - 14*y - 85. What is the remainder when v(9) is divided by (-3)/(-9) + (-20)/(-3)?
4
Let i(t) = -t**2 + 10*t - 32. Let j(r) = -r**2 + r - 1. Let o(a) = -i(a) - j(a). Calculate the remainder when 79 is divided by o(5).
23
Calculate the remainder when 3033192/(-1316)*(-7)/2 is divided by 15.
12
Suppose -43*y = 35*y - 192348. Calculate the remainder when y is divided by 146.
130
Let g = 3884 - 2559. Calculate the remainder when 205 is divided by (1*-3)/((-75)/g).
46
Suppose -39*i = -29*i - 540. Let s(l) = l**3 - 5*l**2 - 2. Let t be s(6). Suppose t = 2*g + 6. What is the remainder when i is divided by g?
12
Suppose -5*a + 3*i + 3114 = 2441, i = 2*a - 269. Calculate the remainder when 325 is divided by a.
57
Let s = 17644 - 17622. What is the remainder when 434 is divided by s?
16
Suppose -3*h - 8 = -7*h. Suppose -k - n = h*k - 53, 36 = 2*k + n. Let x = 23172 + -23111. Calculate the remainder when x is divided by k.
10
Let s(i) = -38*i + 433. Suppose 0 = m - 3*m + 4. What is the remainder when s(11) is divided by 11/m + (-4)/8?
0
Let s = -6 - -11. Let i(p) = 5 - 143*p - 7*p**2 + 6 + 22*p**2 - 38. Calculate the remainder when i(10) is divided by s.
3
Let r = 9467 - 9338. What is the remainder when 3095 is divided by r?
128
Let i = 5 - -34. Suppose -2*s - i = -s. What is the remainder when -4*(4 - 3) - s is divided by 18?
17
Suppose 0 = 45*j - 50*j + 1420. Let u = -253 + j. What is the remainder when 65 is divided by u?
3
Let h = -2657 + 2998. What is the remainder when h is divided by 84?
5
Suppose 0 = 5*j - 3*w - 601 + 139, 5*j - 4*w = 461. What is the remainder when 183 is divided by j?
90
Suppose 1613 = 3*a + 161. Let i = 607 - a. Calculate the remainder when i is divided by 32.
27
Let d = -2410 + 2463. What is the remainder when 1585 is divided by d?
48
Suppose -46*o + 142 = -44*o - 5*q, 0 = 4*o - 2*q - 268. What is the remainder when 1055 is divided by o?
65
Let o = 56 - 31. Calculate the remainder when (57/2)/(-1 + (-63)/(-54)) is divided by o.
21
Suppose 3*n = q + 222, 221 = 2*n - 5*q + 60. What is the remainder when 2624 is divided by n?
69
What is the remainder when 197865/180 - 3/(-4) is divided by 543?
14
Let a = 28381 - 28338. Suppose -2*c - 4*h + 626 + 68 = 0, 5*c - 1693 = 4*h. What is the remainder when c is divided by a?
40
Let s = 6610 + -6579. What is the remainder when s is divided by 13?
5
Suppose -4*z + z = -3*o - 57, -4*o - 57 = -3*z. What is the remainder when z is divided by 5?
4
Suppose 0 = -3*u + 5*p + 91, -2*u + 94 = 3*p + 2*p. Let h be 1/(-1 + 3 + (-15)/9). Suppose h*n = 23 + u. What is the remainder when 56 is divided by n?
16
Suppose -4*x - 6 = -2*n, -5*n - 9 = -2*x - 2*x. What is the remainder when 313 is divided by (-7)/2*(-2 - n - 13)?
33
Suppose -64*l - 1958 = -69*l - 493. What is the remainder when l is divided by 142?
9
Let i(u) = 2*u**3 + 2*u**2 - 14*u - 91. What is the remainder when i(5) is divided by 36?
31
Let m(f) = -f**3 + 12*f**2 - 14*f + 232. Calculate the remainder when 247 is divided by m(12).
55
Let x(k) = -10*k**2 - k + 70. Calculate the remainder when x(0) is divided by (-30)/(-20)*(-32)/(-6).
6
Let j be ((-66)/110)/(3/45). Calculate the remainder when 7 is divided by ((-18)/(-15))/(0 + j/(-30)).
3
Let w(a) = 100*a - 1035. Let u be w(10). Let j = -113 - -178. Let t = u + j. Calculate the remainder when 57 is divided by t.
27
Let a = -12617 - -13045. What is the remainder when a is divided by 144?
140
Let q = 5733 + -5663. Calculate the remainder when 91 is divided by q.
21
Let t(m) = -m**3 + 5*m**2 + 6*m - 6. Let c be -7 - 18/((-36)/(-6)) - -6. What is the remainder when -94*(-2 + (c - 2) + 7) is divided by t(5)?
22
Let z(y) = -2*y**3 - 4*y**2 - 3*y - 3. Let d be z(-3). Suppose 558 = 6*g - d. Calculate the remainder when g is divided by (-3)/3*(-28 - (-1 - 2)).
22
Let w be (-5358)/(-24) - (-24)/32. Suppose 2*y = -5*z + w, 13*y - 40 = -z + 11*y. Calculate the remainder when 549 is divided by z.
43
Suppose -24*t - 12*t = -23220. Suppose -22*f + t + 213 = 0. What is the remainder when f is divided by 8?
7
Let j = -913 + 638. Let